{"id":3829,"date":"2025-11-11T11:19:14","date_gmt":"2025-11-11T14:19:14","guid":{"rendered":"https:\/\/clubdeinversores.com\/main\/?page_id=3829"},"modified":"2025-11-11T12:55:21","modified_gmt":"2025-11-11T15:55:21","slug":"cuentas-cera-que-hacer-con-tus-inversiones-en-2026","status":"publish","type":"page","link":"https:\/\/clubdeinversores.com\/main\/cuentas-cera-que-hacer-con-tus-inversiones-en-2026\/","title":{"rendered":"Cuentas CERA: Qu\u00e9 hacer con tus inversiones en 2026"},"content":{"rendered":"\t\t<div data-elementor-type=\"wp-page\" data-elementor-id=\"3829\" class=\"elementor elementor-3829\" data-elementor-post-type=\"page\">\n\t\t\t\t<div class=\"elementor-element elementor-element-3741b252 e-flex e-con-boxed wpr-particle-no wpr-jarallax-no wpr-parallax-no wpr-sticky-section-no e-con e-parent\" data-id=\"3741b252\" data-element_type=\"container\">\n\t\t\t\t\t<div class=\"e-con-inner\">\n\t\t<div class=\"elementor-element elementor-element-191ae668 e-con-full e-flex wpr-particle-no wpr-jarallax-no wpr-parallax-no wpr-sticky-section-no e-con e-child\" data-id=\"191ae668\" data-element_type=\"container\">\n\t\t\t\t<div class=\"elementor-element elementor-element-2c5d088f elementor-widget elementor-widget-heading\" data-id=\"2c5d088f\" data-element_type=\"widget\" data-widget_type=\"heading.default\">\n\t\t\t\t<div class=\"elementor-widget-container\">\n\t\t\t\t\t<h1 class=\"elementor-heading-title elementor-size-default\">Cuentas CERA: Qu\u00e9 hacer con tus inversiones en 2026<\/h1>\t\t\t\t<\/div>\n\t\t\t\t<\/div>\n\t\t\t\t<div class=\"elementor-element elementor-element-d21a252 elementor-hidden-desktop elementor-widget elementor-widget-image\" data-id=\"d21a252\" data-element_type=\"widget\" data-widget_type=\"image.default\">\n\t\t\t\t<div class=\"elementor-widget-container\">\n\t\t\t\t\t\t\t\t\t\t\t\t\t\t\t<img fetchpriority=\"high\" decoding=\"async\" width=\"520\" height=\"650\" src=\"https:\/\/clubdeinversores.com\/main\/wp-content\/uploads\/2025\/11\/cuentas-cera-que-hacer.jpg\" class=\"attachment-large size-large wp-image-3831\" alt=\"\" srcset=\"https:\/\/clubdeinversores.com\/main\/wp-content\/uploads\/2025\/11\/cuentas-cera-que-hacer.jpg 520w, https:\/\/clubdeinversores.com\/main\/wp-content\/uploads\/2025\/11\/cuentas-cera-que-hacer-240x300.jpg 240w\" sizes=\"(max-width: 520px) 100vw, 520px\" \/>\t\t\t\t\t\t\t\t\t\t\t\t\t\t\t<\/div>\n\t\t\t\t<\/div>\n\t\t\t\t<div class=\"elementor-element elementor-element-aaeffd9 elementor-widget elementor-widget-heading\" data-id=\"aaeffd9\" data-element_type=\"widget\" data-widget_type=\"heading.default\">\n\t\t\t\t<div class=\"elementor-widget-container\">\n\t\t\t\t\t<h1 class=\"elementor-heading-title elementor-size-default\">En este informe gratuito te contamos c\u00f3mo aprovechar la liberaci\u00f3n de esos fondos y qu\u00e9 estrategias considerar para invertir en 2026.<\/h1>\t\t\t\t<\/div>\n\t\t\t\t<\/div>\n\t\t\t\t<div class=\"elementor-element elementor-element-6a5197c9 elementor-widget elementor-widget-heading\" data-id=\"6a5197c9\" data-element_type=\"widget\" data-widget_type=\"heading.default\">\n\t\t\t\t<div class=\"elementor-widget-container\">\n\t\t\t\t\t<h1 class=\"elementor-heading-title elementor-size-default\">El blanqueo impulsado por el gobierno de Javier Milei en 2024 fue un \u00e9xito y permiti\u00f3 el ingreso de m\u00e1s de USD 18.000 millones al sistema. Ahora, quienes mantuvieron sus fondos en cuentas CERA hasta el 31\/12\/25 podr\u00e1n disponer libremente de ellos sin pagar el impuesto del 5%.<\/h1>\t\t\t\t<\/div>\n\t\t\t\t<\/div>\n\t\t\t\t<div class=\"elementor-element elementor-element-3cb3e386 elementor-widget__width-inherit elementor-widget elementor-widget-text-editor\" data-id=\"3cb3e386\" data-element_type=\"widget\" id=\"2\" data-widget_type=\"text-editor.default\">\n\t\t\t\t<div class=\"elementor-widget-container\">\n\t\t\t\t\t\t\t\t\t<p data-start=\"453\" data-end=\"588\">En este <strong>informe gratuito<\/strong> te contamos c\u00f3mo aprovechar la liberaci\u00f3n de esos fondos y qu\u00e9 estrategias considerar para invertir en 2026.<\/p><p data-start=\"753\" data-end=\"993\">En este informe especial te compartimos un <strong>an\u00e1lisis completo del nuevo escenario econ\u00f3mico<\/strong>, las alternativas disponibles para quienes poseen cuentas CERA y las oportunidades que se abren tanto en el mercado local como en el internacional.<\/p>\t\t\t\t\t\t\t\t<\/div>\n\t\t\t\t<\/div>\n\t\t\t\t<div class=\"elementor-element elementor-element-5d8d8d99 elementor-widget elementor-widget-heading\" data-id=\"5d8d8d99\" data-element_type=\"widget\" data-widget_type=\"heading.default\">\n\t\t\t\t<div class=\"elementor-widget-container\">\n\t\t\t\t\t<h2 class=\"elementor-heading-title elementor-size-default\">Ingres\u00e1 tu nombre y tu mejor email para descargarlo GRATIS\n<\/h2>\t\t\t\t<\/div>\n\t\t\t\t<\/div>\n\t\t\t\t<div class=\"elementor-element elementor-element-1a7da541 elementor-widget elementor-widget-html\" data-id=\"1a7da541\" data-element_type=\"widget\" data-widget_type=\"html.default\">\n\t\t\t\t<div class=\"elementor-widget-container\">\n\t\t\t\t\t<script charset=\"utf-8\" type=\"text\/javascript\" src=\"\/\/js.hsforms.net\/forms\/embed\/v2.js\"><\/script>\r\n<script>\r\n  hbspt.forms.create({\r\n    portalId: \"5627110\",\r\n    formId: \"ae0ccc07-3878-4bb4-a33f-2541cfabf08e\",\r\n    region: \"na1\"\r\n  });\r\n<\/script>\t\t\t\t<\/div>\n\t\t\t\t<\/div>\n\t\t\t\t<\/div>\n\t\t<div class=\"elementor-element elementor-element-4e7fd60b e-con-full elementor-hidden-mobile e-flex wpr-particle-no wpr-jarallax-no wpr-parallax-no wpr-sticky-section-no e-con e-child\" data-id=\"4e7fd60b\" data-element_type=\"container\">\n\t\t\t\t<div class=\"elementor-element elementor-element-1730e53d elementor-hidden-tablet elementor-hidden-mobile elementor-widget elementor-widget-image\" data-id=\"1730e53d\" data-element_type=\"widget\" data-widget_type=\"image.default\">\n\t\t\t\t<div class=\"elementor-widget-container\">\n\t\t\t\t\t\t\t\t\t\t\t\t\t\t\t<img decoding=\"async\" width=\"520\" height=\"650\" src=\"https:\/\/clubdeinversores.com\/main\/wp-content\/uploads\/2025\/11\/cuentas-cera-que-hacer.jpg\" class=\"attachment-full size-full wp-image-3831\" alt=\"\" srcset=\"https:\/\/clubdeinversores.com\/main\/wp-content\/uploads\/2025\/11\/cuentas-cera-que-hacer.jpg 520w, https:\/\/clubdeinversores.com\/main\/wp-content\/uploads\/2025\/11\/cuentas-cera-que-hacer-240x300.jpg 240w\" sizes=\"(max-width: 520px) 100vw, 520px\" \/>\t\t\t\t\t\t\t\t\t\t\t\t\t\t\t<\/div>\n\t\t\t\t<\/div>\n\t\t\t\t<\/div>\n\t\t\t\t\t<\/div>\n\t\t\t\t<\/div>\n\t\t<div class=\"elementor-element elementor-element-23094acc e-flex e-con-boxed wpr-particle-no wpr-jarallax-no wpr-parallax-no wpr-sticky-section-no e-con e-parent\" data-id=\"23094acc\" data-element_type=\"container\" data-settings=\"{&quot;background_background&quot;:&quot;classic&quot;}\">\n\t\t\t\t\t<div class=\"e-con-inner\">\n\t\t<div class=\"elementor-element elementor-element-2f13267a e-con-full e-flex wpr-particle-no wpr-jarallax-no wpr-parallax-no wpr-sticky-section-no e-con e-child\" data-id=\"2f13267a\" data-element_type=\"container\">\n\t\t\t\t<div class=\"elementor-element elementor-element-465c6c18 elementor-widget__width-initial elementor-widget elementor-widget-image\" data-id=\"465c6c18\" data-element_type=\"widget\" data-widget_type=\"image.default\">\n\t\t\t\t<div class=\"elementor-widget-container\">\n\t\t\t\t\t\t\t\t\t\t\t\t\t\t\t<img decoding=\"async\" width=\"500\" height=\"128\" src=\"https:\/\/clubdeinversores.com\/main\/wp-content\/uploads\/2025\/04\/carta-financiera-logo-horizontal-xs-1.png\" class=\"attachment-full size-full wp-image-81\" alt=\"\" srcset=\"https:\/\/clubdeinversores.com\/main\/wp-content\/uploads\/2025\/04\/carta-financiera-logo-horizontal-xs-1.png 500w, https:\/\/clubdeinversores.com\/main\/wp-content\/uploads\/2025\/04\/carta-financiera-logo-horizontal-xs-1-300x77.png 300w\" sizes=\"(max-width: 500px) 100vw, 500px\" \/>\t\t\t\t\t\t\t\t\t\t\t\t\t\t\t<\/div>\n\t\t\t\t<\/div>\n\t\t\t\t<div class=\"elementor-element elementor-element-5320754e elementor-widget__width-initial elementor-widget elementor-widget-text-editor\" data-id=\"5320754e\" data-element_type=\"widget\" data-widget_type=\"text-editor.default\">\n\t\t\t\t<div class=\"elementor-widget-container\">\n\t\t\t\t\t\t\t\t\t<p>COPYRIGHT 2025. CLUB DE INVERSORES BY CARTA FINANCIERA. TODOS LOS DERECHOS RESERVADOS.<\/p>\t\t\t\t\t\t\t\t<\/div>\n\t\t\t\t<\/div>\n\t\t\t\t<\/div>\n\t\t\t\t\t<\/div>\n\t\t\t\t<\/div>\n\t\t<div class=\"elementor-element elementor-element-61bd425a e-flex e-con-boxed wpr-particle-no wpr-jarallax-no wpr-parallax-no wpr-sticky-section-no e-con e-parent\" data-id=\"61bd425a\" data-element_type=\"container\" data-settings=\"{&quot;background_background&quot;:&quot;classic&quot;}\">\n\t\t\t\t\t<div class=\"e-con-inner\">\n\t\t<div class=\"elementor-element elementor-element-41c88a57 e-con-full e-flex wpr-particle-no wpr-jarallax-no wpr-parallax-no wpr-sticky-section-no e-con e-child\" data-id=\"41c88a57\" data-element_type=\"container\">\n\t\t\t\t<div class=\"elementor-element elementor-element-3cf0402 elementor-widget__width-initial elementor-widget elementor-widget-text-editor\" data-id=\"3cf0402\" data-element_type=\"widget\" data-widget_type=\"text-editor.default\">\n\t\t\t\t<div class=\"elementor-widget-container\">\n\t\t\t\t\t\t\t\t\t<p>Matriculas de Agente Productor &#8211; CNV: Miguel Boggiano AP 1931, Tomas Olivera AP 1934, Agustin Gomez Beret: AP 1894, Blas Diaz Saubidet: AP 1982, Juan Pablo Asprella AP1945, Santiago Arrastoa: AP 1984, Lorena Violante AP 1949<\/p>\t\t\t\t\t\t\t\t<\/div>\n\t\t\t\t<\/div>\n\t\t\t\t<\/div>\n\t\t\t\t\t<\/div>\n\t\t\t\t<\/div>\n\t\t\t\t<\/div>\n\t\t","protected":false},"excerpt":{"rendered":"<p>Cuentas CERA: Qu\u00e9 hacer con tus inversiones en 2026 En este informe gratuito te contamos c\u00f3mo aprovechar la liberaci\u00f3n de esos fondos y qu\u00e9 estrategias considerar para invertir en 2026. El blanqueo impulsado por el gobierno de Javier Milei en 2024 fue un \u00e9xito y permiti\u00f3 el ingreso de m\u00e1s de USD 18.000 millones al sistema. Ahora, quienes mantuvieron sus fondos en cuentas CERA hasta el 31\/12\/25 podr\u00e1n disponer libremente de ellos sin pagar el impuesto del 5%. En este informe gratuito te contamos c\u00f3mo aprovechar la liberaci\u00f3n de esos fondos y qu\u00e9 estrategias considerar para invertir en 2026. En este informe especial te compartimos un an\u00e1lisis completo del nuevo escenario econ\u00f3mico, las alternativas disponibles para quienes poseen cuentas CERA y las oportunidades que se abren tanto en el mercado local como en el internacional. Ingres\u00e1 tu nombre y tu mejor email para descargarlo GRATIS COPYRIGHT 2025. CLUB DE INVERSORES BY CARTA FINANCIERA. TODOS LOS DERECHOS RESERVADOS. Matriculas de Agente Productor &#8211; CNV: Miguel Boggiano AP 1931, Tomas Olivera AP 1934, Agustin Gomez Beret: AP 1894, Blas Diaz Saubidet: AP 1982, Juan Pablo Asprella AP1945, Santiago Arrastoa: AP 1984, Lorena Violante AP 1949<\/p>\n","protected":false},"author":1,"featured_media":0,"parent":0,"menu_order":0,"comment_status":"closed","ping_status":"closed","template":"","meta":{"footnotes":""},"class_list":["post-3829","page","type-page","status-publish","hentry"],"acf":[],"_links":{"self":[{"href":"https:\/\/clubdeinversores.com\/main\/wp-json\/wp\/v2\/pages\/3829","targetHints":{"allow":["GET"]}}],"collection":[{"href":"https:\/\/clubdeinversores.com\/main\/wp-json\/wp\/v2\/pages"}],"about":[{"href":"https:\/\/clubdeinversores.com\/main\/wp-json\/wp\/v2\/types\/page"}],"author":[{"embeddable":true,"href":"https:\/\/clubdeinversores.com\/main\/wp-json\/wp\/v2\/users\/1"}],"replies":[{"embeddable":true,"href":"https:\/\/clubdeinversores.com\/main\/wp-json\/wp\/v2\/comments?post=3829"}],"version-history":[{"count":13,"href":"https:\/\/clubdeinversores.com\/main\/wp-json\/wp\/v2\/pages\/3829\/revisions"}],"predecessor-version":[{"id":3860,"href":"https:\/\/clubdeinversores.com\/main\/wp-json\/wp\/v2\/pages\/3829\/revisions\/3860"}],"wp:attachment":[{"href":"https:\/\/clubdeinversores.com\/main\/wp-json\/wp\/v2\/media?parent=3829"}],"curies":[{"name":"wp","href":"https:\/\/api.w.org\/{rel}","templated":true}]}}