{"id":3739,"date":"2025-10-10T08:02:31","date_gmt":"2025-10-10T11:02:31","guid":{"rendered":"https:\/\/clubdeinversores.com\/main\/?page_id=3739"},"modified":"2025-10-13T10:12:58","modified_gmt":"2025-10-13T13:12:58","slug":"que-hacer-con-las-inversiones-argentinas-antes-de-las-elecciones","status":"publish","type":"page","link":"https:\/\/clubdeinversores.com\/main\/que-hacer-con-las-inversiones-argentinas-antes-de-las-elecciones\/","title":{"rendered":"\u00bfQu\u00e9 hacer con las inversiones argentinas antes de las elecciones?"},"content":{"rendered":"\t\t<div data-elementor-type=\"wp-page\" data-elementor-id=\"3739\" class=\"elementor elementor-3739\" data-elementor-post-type=\"page\">\n\t\t\t\t<div class=\"elementor-element elementor-element-165caffb e-flex e-con-boxed wpr-particle-no wpr-jarallax-no wpr-parallax-no wpr-sticky-section-no e-con e-parent\" data-id=\"165caffb\" data-element_type=\"container\">\n\t\t\t\t\t<div class=\"e-con-inner\">\n\t\t\t\t<div class=\"elementor-element elementor-element-7d2febe elementor-widget elementor-widget-html\" data-id=\"7d2febe\" data-element_type=\"widget\" data-widget_type=\"html.default\">\n\t\t\t\t<div class=\"elementor-widget-container\">\n\t\t\t\t\t<script>\r\n  window.addEventListener('message', function(event) {\r\n    \/\/ Escucha los eventos de carga del formulario HubSpot\r\n    if (event.data.type === 'hsFormCallback' && event.data.eventName === 'onFormReady') {\r\n      const iframe = document.querySelector('.hs-form-iframe');\r\n      if (iframe && iframe.contentWindow && iframe.contentDocument) {\r\n        try {\r\n          \/\/ Busca la imagen dentro del formulario\r\n          const img = iframe.contentDocument.querySelector('img');\r\n          if (img) {\r\n            img.style.display = 'none';\r\n            console.log('\u2705 Imagen del formulario HubSpot oculta correctamente');\r\n          } else {\r\n            console.log('\u26a0\ufe0f No se encontr\u00f3 imagen dentro del formulario');\r\n          }\r\n        } catch (e) {\r\n          console.warn('\u26a0\ufe0f No se pudo acceder al contenido del iframe por pol\u00edtica CORS');\r\n        }\r\n      }\r\n    }\r\n  });\r\n<\/script>\r\n\t\t\t\t<\/div>\n\t\t\t\t<\/div>\n\t\t<div class=\"elementor-element elementor-element-31509037 e-con-full e-flex wpr-particle-no wpr-jarallax-no wpr-parallax-no wpr-sticky-section-no e-con e-child\" data-id=\"31509037\" data-element_type=\"container\">\n\t\t\t\t<div class=\"elementor-element elementor-element-6811ebbf elementor-widget__width-initial elementor-widget elementor-widget-image\" data-id=\"6811ebbf\" data-element_type=\"widget\" data-widget_type=\"image.default\">\n\t\t\t\t<div class=\"elementor-widget-container\">\n\t\t\t\t\t\t\t\t\t\t\t\t\t\t\t<img decoding=\"async\" src=\"https:\/\/clubdeinversores.com\/wp-content\/uploads\/2023\/10\/cropped-cropped-LOGOCDI_PRINCIPAL.png\" title=\"\" alt=\"\" loading=\"lazy\" \/>\t\t\t\t\t\t\t\t\t\t\t\t\t\t\t<\/div>\n\t\t\t\t<\/div>\n\t\t\t\t<div class=\"elementor-element elementor-element-3f4dfed3 elementor-widget elementor-widget-heading\" data-id=\"3f4dfed3\" data-element_type=\"widget\" data-widget_type=\"heading.default\">\n\t\t\t\t<div class=\"elementor-widget-container\">\n\t\t\t\t\t<h1 class=\"elementor-heading-title elementor-size-default\">WEBINAR VIRTUAL GRATUITO\n<\/h1>\t\t\t\t<\/div>\n\t\t\t\t<\/div>\n\t\t\t\t<div class=\"elementor-element elementor-element-ea5ee6f elementor-widget elementor-widget-heading\" data-id=\"ea5ee6f\" data-element_type=\"widget\" data-widget_type=\"heading.default\">\n\t\t\t\t<div class=\"elementor-widget-container\">\n\t\t\t\t\t<h1 class=\"elementor-heading-title elementor-size-default\">\u00bfQu\u00e9 hacer con las inversiones argentinas antes de las elecciones?<\/h1>\t\t\t\t<\/div>\n\t\t\t\t<\/div>\n\t\t\t\t<div class=\"elementor-element elementor-element-1e0be0bf elementor-widget elementor-widget-text-editor\" data-id=\"1e0be0bf\" data-element_type=\"widget\" data-widget_type=\"text-editor.default\">\n\t\t\t\t<div class=\"elementor-widget-container\">\n\t\t\t\t\t\t\t\t\t<p>Oradores: Tom\u00e1s Olivera y Miguel Angel Boggiano<\/p>\t\t\t\t\t\t\t\t<\/div>\n\t\t\t\t<\/div>\n\t\t\t\t<div class=\"elementor-element elementor-element-77e16389 elementor-icon-list--layout-inline elementor-list-item-link-full_width elementor-widget elementor-widget-icon-list\" data-id=\"77e16389\" data-element_type=\"widget\" data-widget_type=\"icon-list.default\">\n\t\t\t\t<div class=\"elementor-widget-container\">\n\t\t\t\t\t\t\t<ul class=\"elementor-icon-list-items elementor-inline-items\">\n\t\t\t\t\t\t\t<li class=\"elementor-icon-list-item elementor-inline-item\">\n\t\t\t\t\t\t\t\t\t\t\t<span class=\"elementor-icon-list-icon\">\n\t\t\t\t\t\t\t<svg aria-hidden=\"true\" class=\"e-font-icon-svg e-far-calendar-check\" viewBox=\"0 0 448 512\" xmlns=\"http:\/\/www.w3.org\/2000\/svg\"><path d=\"M400 64h-48V12c0-6.627-5.373-12-12-12h-40c-6.627 0-12 5.373-12 12v52H160V12c0-6.627-5.373-12-12-12h-40c-6.627 0-12 5.373-12 12v52H48C21.49 64 0 85.49 0 112v352c0 26.51 21.49 48 48 48h352c26.51 0 48-21.49 48-48V112c0-26.51-21.49-48-48-48zm-6 400H54a6 6 0 0 1-6-6V160h352v298a6 6 0 0 1-6 6zm-52.849-200.65L198.842 404.519c-4.705 4.667-12.303 4.637-16.971-.068l-75.091-75.699c-4.667-4.705-4.637-12.303.068-16.971l22.719-22.536c4.705-4.667 12.303-4.637 16.97.069l44.104 44.461 111.072-110.181c4.705-4.667 12.303-4.637 16.971.068l22.536 22.718c4.667 4.705 4.636 12.303-.069 16.97z\"><\/path><\/svg>\t\t\t\t\t\t<\/span>\n\t\t\t\t\t\t\t\t\t\t<span class=\"elementor-icon-list-text\">22 de octubre<\/span>\n\t\t\t\t\t\t\t\t\t<\/li>\n\t\t\t\t\t\t\t\t<li class=\"elementor-icon-list-item elementor-inline-item\">\n\t\t\t\t\t\t\t\t\t\t\t<span class=\"elementor-icon-list-icon\">\n\t\t\t\t\t\t\t<svg aria-hidden=\"true\" class=\"e-font-icon-svg e-far-clock\" viewBox=\"0 0 512 512\" xmlns=\"http:\/\/www.w3.org\/2000\/svg\"><path d=\"M256 8C119 8 8 119 8 256s111 248 248 248 248-111 248-248S393 8 256 8zm0 448c-110.5 0-200-89.5-200-200S145.5 56 256 56s200 89.5 200 200-89.5 200-200 200zm61.8-104.4l-84.9-61.7c-3.1-2.3-4.9-5.9-4.9-9.7V116c0-6.6 5.4-12 12-12h32c6.6 0 12 5.4 12 12v141.7l66.8 48.6c5.4 3.9 6.5 11.4 2.6 16.8L334.6 349c-3.9 5.3-11.4 6.5-16.8 2.6z\"><\/path><\/svg>\t\t\t\t\t\t<\/span>\n\t\t\t\t\t\t\t\t\t\t<span class=\"elementor-icon-list-text\">18:00 hs<\/span>\n\t\t\t\t\t\t\t\t\t<\/li>\n\t\t\t\t\t\t\t\t<li class=\"elementor-icon-list-item elementor-inline-item\">\n\t\t\t\t\t\t\t\t\t\t\t<span class=\"elementor-icon-list-icon\">\n\t\t\t\t\t\t\t<svg aria-hidden=\"true\" class=\"e-font-icon-svg e-fas-map-marker-alt\" viewBox=\"0 0 384 512\" xmlns=\"http:\/\/www.w3.org\/2000\/svg\"><path d=\"M172.268 501.67C26.97 291.031 0 269.413 0 192 0 85.961 85.961 0 192 0s192 85.961 192 192c0 77.413-26.97 99.031-172.268 309.67-9.535 13.774-29.93 13.773-39.464 0zM192 272c44.183 0 80-35.817 80-80s-35.817-80-80-80-80 35.817-80 80 35.817 80 80 80z\"><\/path><\/svg>\t\t\t\t\t\t<\/span>\n\t\t\t\t\t\t\t\t\t\t<span class=\"elementor-icon-list-text\">Gratis con inscripci\u00f3n previa<\/span>\n\t\t\t\t\t\t\t\t\t<\/li>\n\t\t\t\t\t\t<\/ul>\n\t\t\t\t\t\t<\/div>\n\t\t\t\t<\/div>\n\t\t\t\t<div class=\"elementor-element elementor-element-2c8c6410 elementor-widget elementor-widget-text-editor\" data-id=\"2c8c6410\" data-element_type=\"widget\" data-widget_type=\"text-editor.default\">\n\t\t\t\t<div class=\"elementor-widget-container\">\n\t\t\t\t\t\t\t\t\t<p>En este encuentro exclusivo analizaremos <strong>qu\u00e9 hacer con las inversiones argentinas<\/strong> en la antesala de las elecciones. Los especialistas <strong>Tom\u00e1s Olivera y Miguel \u00c1ngel Boggiano<\/strong> compartir\u00e1n su visi\u00f3n sobre el panorama econ\u00f3mico actual, los posibles escenarios pol\u00edticos y su impacto en los mercados financieros.<\/p><p>Se abordar\u00e1n <strong>estrategias para proteger y reacomodar portafolios<\/strong>, oportunidades de corto y mediano plazo, y los riesgos menos visibles que podr\u00edan afectar a los inversores locales. Una charla imprescindible para quienes buscan tomar decisiones informadas, anticiparse a los cambios y <strong>capitalizar el contexto electoral con inteligencia financiera.<\/strong><\/p>\t\t\t\t\t\t\t\t<\/div>\n\t\t\t\t<\/div>\n\t\t\t\t<\/div>\n\t\t<div class=\"elementor-element elementor-element-2dce7ab2 e-con-full e-flex wpr-particle-no wpr-jarallax-no wpr-parallax-no wpr-sticky-section-no e-con e-child\" data-id=\"2dce7ab2\" data-element_type=\"container\">\n\t\t\t\t<div class=\"elementor-element elementor-element-c6ef8f6 elementor-widget__width-initial elementor-widget elementor-widget-image\" data-id=\"c6ef8f6\" data-element_type=\"widget\" data-widget_type=\"image.default\">\n\t\t\t\t<div class=\"elementor-widget-container\">\n\t\t\t\t\t\t\t\t\t\t\t\t\t\t\t<img fetchpriority=\"high\" decoding=\"async\" width=\"1080\" height=\"1920\" src=\"https:\/\/clubdeinversores.com\/main\/wp-content\/uploads\/2025\/10\/vertical-pre-elcciones.png\" class=\"attachment-full size-full wp-image-3745\" alt=\"\" srcset=\"https:\/\/clubdeinversores.com\/main\/wp-content\/uploads\/2025\/10\/vertical-pre-elcciones.png 1080w, https:\/\/clubdeinversores.com\/main\/wp-content\/uploads\/2025\/10\/vertical-pre-elcciones-169x300.png 169w, https:\/\/clubdeinversores.com\/main\/wp-content\/uploads\/2025\/10\/vertical-pre-elcciones-576x1024.png 576w, https:\/\/clubdeinversores.com\/main\/wp-content\/uploads\/2025\/10\/vertical-pre-elcciones-768x1365.png 768w, https:\/\/clubdeinversores.com\/main\/wp-content\/uploads\/2025\/10\/vertical-pre-elcciones-864x1536.png 864w\" sizes=\"(max-width: 1080px) 100vw, 1080px\" \/>\t\t\t\t\t\t\t\t\t\t\t\t\t\t\t<\/div>\n\t\t\t\t<\/div>\n\t\t\t\t<\/div>\n\t\t\t\t\t<\/div>\n\t\t\t\t<\/div>\n\t\t\t\t<section class=\"elementor-section elementor-top-section elementor-element elementor-element-67c8be3c elementor-section-boxed elementor-section-height-default elementor-section-height-default wpr-particle-no wpr-jarallax-no wpr-parallax-no wpr-sticky-section-no\" data-id=\"67c8be3c\" data-element_type=\"section\" id=\"2\">\n\t\t\t\t\t\t<div class=\"elementor-container elementor-column-gap-default\">\n\t\t\t\t\t<div class=\"elementor-column elementor-col-100 elementor-top-column elementor-element elementor-element-4b9d3598\" data-id=\"4b9d3598\" data-element_type=\"column\">\n\t\t\t<div class=\"elementor-widget-wrap elementor-element-populated\">\n\t\t\t\t\t\t<section class=\"elementor-section elementor-inner-section elementor-element elementor-element-3df37939 elementor-section-full_width elementor-section-height-default elementor-section-height-default wpr-particle-no wpr-jarallax-no wpr-parallax-no wpr-sticky-section-no\" data-id=\"3df37939\" data-element_type=\"section\" data-settings=\"{&quot;background_background&quot;:&quot;classic&quot;}\">\n\t\t\t\t\t\t<div class=\"elementor-container elementor-column-gap-default\">\n\t\t\t\t\t<div class=\"elementor-column elementor-col-100 elementor-inner-column elementor-element elementor-element-2cec1632\" data-id=\"2cec1632\" data-element_type=\"column\" data-settings=\"{&quot;background_background&quot;:&quot;classic&quot;}\">\n\t\t\t<div class=\"elementor-widget-wrap elementor-element-populated\">\n\t\t\t\t<div class=\"elementor-element elementor-element-5b11252f e-con-full e-flex wpr-particle-no wpr-jarallax-no wpr-parallax-no wpr-sticky-section-no e-con e-parent\" data-id=\"5b11252f\" data-element_type=\"container\">\n\t\t<div class=\"elementor-element elementor-element-774b275d e-con-full e-flex wpr-particle-no wpr-jarallax-no wpr-parallax-no wpr-sticky-section-no e-con e-child\" data-id=\"774b275d\" data-element_type=\"container\">\n\t\t\t\t<div class=\"elementor-element elementor-element-a6d2723 elementor-widget elementor-widget-heading\" data-id=\"a6d2723\" data-element_type=\"widget\" data-widget_type=\"heading.default\">\n\t\t\t\t<div class=\"elementor-widget-container\">\n\t\t\t\t\t<h1 class=\"elementor-heading-title elementor-size-default\">Inscribite al webinar completando este formulario<\/h1>\t\t\t\t<\/div>\n\t\t\t\t<\/div>\n\t\t\t\t<div class=\"elementor-element elementor-element-66e710c elementor-widget elementor-widget-html\" data-id=\"66e710c\" data-element_type=\"widget\" data-widget_type=\"html.default\">\n\t\t\t\t<div class=\"elementor-widget-container\">\n\t\t\t\t\t<script charset=\"utf-8\" type=\"text\/javascript\" src=\"\/\/js.hsforms.net\/forms\/embed\/v2.js\"><\/script>\r\n<script>\r\n  hbspt.forms.create({\r\n    portalId: \"5627110\",\r\n    formId: \"46112c11-ed7c-4d6e-9ad7-1ce77ddbbc83\",\r\n    region: \"na1\"\r\n  });\r\n<\/script>\t\t\t\t<\/div>\n\t\t\t\t<\/div>\n\t\t\t\t<\/div>\n\t\t\t\t<\/div>\n\t\t\t\t\t<\/div>\n\t\t<\/div>\n\t\t\t\t\t<\/div>\n\t\t<\/section>\n\t\t\t\t\t<\/div>\n\t\t<\/div>\n\t\t\t\t\t<\/div>\n\t\t<\/section>\n\t\t\t\t<section class=\"elementor-section elementor-top-section elementor-element elementor-element-3d497b38 elementor-section-boxed elementor-section-height-default elementor-section-height-default wpr-particle-no wpr-jarallax-no wpr-parallax-no wpr-sticky-section-no\" data-id=\"3d497b38\" data-element_type=\"section\">\n\t\t\t\t\t\t<div class=\"elementor-container elementor-column-gap-default\">\n\t\t\t\t\t<div class=\"elementor-column elementor-col-100 elementor-top-column elementor-element elementor-element-3b62a19\" data-id=\"3b62a19\" data-element_type=\"column\">\n\t\t\t<div class=\"elementor-widget-wrap elementor-element-populated\">\n\t\t\t\t\t\t<section class=\"elementor-section elementor-inner-section elementor-element elementor-element-e5eaa60 elementor-section-full_width elementor-section-height-default elementor-section-height-default wpr-particle-no wpr-jarallax-no wpr-parallax-no wpr-sticky-section-no\" data-id=\"e5eaa60\" data-element_type=\"section\" data-settings=\"{&quot;background_background&quot;:&quot;classic&quot;}\">\n\t\t\t\t\t\t<div class=\"elementor-container elementor-column-gap-default\">\n\t\t\t\t\t<div class=\"elementor-column elementor-col-100 elementor-inner-column elementor-element elementor-element-119493f0\" data-id=\"119493f0\" data-element_type=\"column\" data-settings=\"{&quot;background_background&quot;:&quot;classic&quot;}\">\n\t\t\t<div class=\"elementor-widget-wrap elementor-element-populated\">\n\t\t\t\t\t\t<div class=\"elementor-element elementor-element-e98621 elementor-widget elementor-widget-heading\" data-id=\"e98621\" data-element_type=\"widget\" data-widget_type=\"heading.default\">\n\t\t\t\t<div class=\"elementor-widget-container\">\n\t\t\t\t\t<h2 class=\"elementor-heading-title elementor-size-default\">Oradores<\/h2>\t\t\t\t<\/div>\n\t\t\t\t<\/div>\n\t\t<div class=\"elementor-element elementor-element-8386f98 e-con-full e-flex wpr-particle-no wpr-jarallax-no wpr-parallax-no wpr-sticky-section-no e-con e-parent\" data-id=\"8386f98\" data-element_type=\"container\">\n\t\t<div class=\"elementor-element elementor-element-eca74a1 e-con-full e-flex wpr-particle-no wpr-jarallax-no wpr-parallax-no wpr-sticky-section-no e-con e-child\" data-id=\"eca74a1\" data-element_type=\"container\">\n\t\t\t\t<div class=\"elementor-element elementor-element-bc4e574 elementor-widget__width-initial elementor-widget elementor-widget-image\" data-id=\"bc4e574\" data-element_type=\"widget\" data-widget_type=\"image.default\">\n\t\t\t\t<div class=\"elementor-widget-container\">\n\t\t\t\t\t\t\t\t\t\t\t\t\t\t\t<img decoding=\"async\" width=\"748\" height=\"867\" src=\"https:\/\/clubdeinversores.com\/main\/wp-content\/uploads\/2025\/08\/miguel-boggiano.jpg\" class=\"attachment-full size-full wp-image-3539\" alt=\"\" srcset=\"https:\/\/clubdeinversores.com\/main\/wp-content\/uploads\/2025\/08\/miguel-boggiano.jpg 748w, https:\/\/clubdeinversores.com\/main\/wp-content\/uploads\/2025\/08\/miguel-boggiano-259x300.jpg 259w\" sizes=\"(max-width: 748px) 100vw, 748px\" \/>\t\t\t\t\t\t\t\t\t\t\t\t\t\t\t<\/div>\n\t\t\t\t<\/div>\n\t\t\t\t<\/div>\n\t\t<div class=\"elementor-element elementor-element-a5dfecb e-con-full e-flex wpr-particle-no wpr-jarallax-no wpr-parallax-no wpr-sticky-section-no e-con e-child\" data-id=\"a5dfecb\" data-element_type=\"container\">\n\t\t\t\t<div class=\"elementor-element elementor-element-82d6716 elementor-widget__width-inherit elementor-widget elementor-widget-text-editor\" data-id=\"82d6716\" data-element_type=\"widget\" data-widget_type=\"text-editor.default\">\n\t\t\t\t<div class=\"elementor-widget-container\">\n\t\t\t\t\t\t\t\t\t<p><b>Miguel Boggiano<\/b><\/p>\t\t\t\t\t\t\t\t<\/div>\n\t\t\t\t<\/div>\n\t\t\t\t<div class=\"elementor-element elementor-element-39e3fc3 elementor-widget__width-inherit elementor-widget elementor-widget-text-editor\" data-id=\"39e3fc3\" data-element_type=\"widget\" data-widget_type=\"text-editor.default\">\n\t\t\t\t<div class=\"elementor-widget-container\">\n\t\t\t\t\t\t\t\t\t<p><b>CEO de Club de Inversores by Carta Financiera<\/b><\/p>\t\t\t\t\t\t\t\t<\/div>\n\t\t\t\t<\/div>\n\t\t\t\t<div class=\"elementor-element elementor-element-b0b5a01 elementor-widget__width-inherit elementor-widget elementor-widget-text-editor\" data-id=\"b0b5a01\" data-element_type=\"widget\" data-widget_type=\"text-editor.default\">\n\t\t\t\t<div class=\"elementor-widget-container\">\n\t\t\t\t\t\t\t\t\tFundador y Director de Club de Inversores, el Licenciado Magna Cum Laude en Econom\u00eda por la Universidad de San Andr\u00e9s, cuenta con un M\u00e1ster en Econom\u00eda de la Universidad de Chicago y tiene una amplia experiencia en el dise\u00f1o de sistemas de trading. Con m\u00e1s de 20 a\u00f1os de trayectoria como trader profesional, actualmente desempe\u00f1a roles clave en distintos \u00e1mbitos. Es Asesor del Consejo de Asesores Econ\u00f3micos del Presidente de Argentina, Javier Milei. Adem\u00e1s, ejerce como profesor de Behavioral Finance en la Maestr\u00eda en Finanzas de la Universidad de San Andr\u00e9s.\nSu destacada reputaci\u00f3n como economista local lo convierte en una figura solicitada por diversos medios gr\u00e1ficos, radiales y televisivos para brindar su opini\u00f3n experta.\n\t\t\t\t\t\t\t\t<\/div>\n\t\t\t\t<\/div>\n\t\t\t\t<\/div>\n\t\t\t\t<\/div>\n\t\t<div class=\"elementor-element elementor-element-ded912c e-con-full e-flex wpr-particle-no wpr-jarallax-no wpr-parallax-no wpr-sticky-section-no e-con e-parent\" data-id=\"ded912c\" data-element_type=\"container\">\n\t\t<div class=\"elementor-element elementor-element-69261fcf e-con-full e-flex wpr-particle-no wpr-jarallax-no wpr-parallax-no wpr-sticky-section-no e-con e-child\" data-id=\"69261fcf\" data-element_type=\"container\">\n\t\t\t\t<div class=\"elementor-element elementor-element-3268df2d elementor-widget__width-initial elementor-widget elementor-widget-image\" data-id=\"3268df2d\" data-element_type=\"widget\" data-widget_type=\"image.default\">\n\t\t\t\t<div class=\"elementor-widget-container\">\n\t\t\t\t\t\t\t\t\t\t\t\t\t\t\t<img decoding=\"async\" width=\"748\" height=\"867\" src=\"https:\/\/clubdeinversores.com\/main\/wp-content\/uploads\/2025\/08\/tomas-oliviera.jpg\" class=\"attachment-full size-full wp-image-3535\" alt=\"\" srcset=\"https:\/\/clubdeinversores.com\/main\/wp-content\/uploads\/2025\/08\/tomas-oliviera.jpg 748w, https:\/\/clubdeinversores.com\/main\/wp-content\/uploads\/2025\/08\/tomas-oliviera-259x300.jpg 259w\" sizes=\"(max-width: 748px) 100vw, 748px\" \/>\t\t\t\t\t\t\t\t\t\t\t\t\t\t\t<\/div>\n\t\t\t\t<\/div>\n\t\t\t\t<\/div>\n\t\t<div class=\"elementor-element elementor-element-57ce06fa e-con-full e-flex wpr-particle-no wpr-jarallax-no wpr-parallax-no wpr-sticky-section-no e-con e-child\" data-id=\"57ce06fa\" data-element_type=\"container\">\n\t\t\t\t<div class=\"elementor-element elementor-element-3cb832bc elementor-widget__width-inherit elementor-widget elementor-widget-text-editor\" data-id=\"3cb832bc\" data-element_type=\"widget\" data-widget_type=\"text-editor.default\">\n\t\t\t\t<div class=\"elementor-widget-container\">\n\t\t\t\t\t\t\t\t\t<p><b>Tom\u00e1s Olivera<\/b><\/p>\t\t\t\t\t\t\t\t<\/div>\n\t\t\t\t<\/div>\n\t\t\t\t<div class=\"elementor-element elementor-element-9654e80 elementor-widget__width-inherit elementor-widget elementor-widget-text-editor\" data-id=\"9654e80\" data-element_type=\"widget\" data-widget_type=\"text-editor.default\">\n\t\t\t\t<div class=\"elementor-widget-container\">\n\t\t\t\t\t\t\t\t\t<p><b>CCO de Club de Invesores by Carta Financiera<\/b><span style=\"font-weight: 400;\">\u00a0<\/span><\/p>\t\t\t\t\t\t\t\t<\/div>\n\t\t\t\t<\/div>\n\t\t\t\t<div class=\"elementor-element elementor-element-61ae938b elementor-widget__width-inherit elementor-widget elementor-widget-text-editor\" data-id=\"61ae938b\" data-element_type=\"widget\" data-widget_type=\"text-editor.default\">\n\t\t\t\t<div class=\"elementor-widget-container\">\n\t\t\t\t\t\t\t\t\tCo-Fundador y CEO de Club de Inversores. Responsable de llevar su visi\u00f3n a la acci\u00f3n. Con m\u00e1s de 20 a\u00f1os de experiencia emprendedora, lidera el crecimiento de la organizaci\u00f3n con foco en las necesidades reales de cada inversor. Su prioridad es que cada persona que se acerque al Club encuentre una propuesta clara, transparente y efectiva para hacer crecer su dinero.\n\t\t\t\t\t\t\t\t<\/div>\n\t\t\t\t<\/div>\n\t\t\t\t<\/div>\n\t\t\t\t<\/div>\n\t\t\t\t\t<\/div>\n\t\t<\/div>\n\t\t\t\t\t<\/div>\n\t\t<\/section>\n\t\t\t\t\t<\/div>\n\t\t<\/div>\n\t\t\t\t\t<\/div>\n\t\t<\/section>\n\t\t<div class=\"elementor-element elementor-element-a3d9eb8 e-flex e-con-boxed wpr-particle-no wpr-jarallax-no wpr-parallax-no wpr-sticky-section-no e-con e-parent\" data-id=\"a3d9eb8\" data-element_type=\"container\" data-settings=\"{&quot;background_background&quot;:&quot;classic&quot;}\">\n\t\t\t\t\t<div class=\"e-con-inner\">\n\t\t<div class=\"elementor-element elementor-element-32663b7 e-con-full e-flex wpr-particle-no wpr-jarallax-no wpr-parallax-no wpr-sticky-section-no e-con e-child\" data-id=\"32663b7\" data-element_type=\"container\">\n\t\t\t\t<div class=\"elementor-element elementor-element-da9a3ab elementor-widget__width-initial elementor-widget elementor-widget-image\" data-id=\"da9a3ab\" data-element_type=\"widget\" data-widget_type=\"image.default\">\n\t\t\t\t<div class=\"elementor-widget-container\">\n\t\t\t\t\t\t\t\t\t\t\t\t\t\t\t<img loading=\"lazy\" decoding=\"async\" width=\"500\" height=\"128\" src=\"https:\/\/clubdeinversores.com\/main\/wp-content\/uploads\/2025\/04\/carta-financiera-logo-horizontal-xs-1.png\" class=\"attachment-full size-full wp-image-81\" alt=\"\" srcset=\"https:\/\/clubdeinversores.com\/main\/wp-content\/uploads\/2025\/04\/carta-financiera-logo-horizontal-xs-1.png 500w, https:\/\/clubdeinversores.com\/main\/wp-content\/uploads\/2025\/04\/carta-financiera-logo-horizontal-xs-1-300x77.png 300w\" sizes=\"(max-width: 500px) 100vw, 500px\" \/>\t\t\t\t\t\t\t\t\t\t\t\t\t\t\t<\/div>\n\t\t\t\t<\/div>\n\t\t\t\t<div class=\"elementor-element elementor-element-cea7024 elementor-widget__width-initial elementor-widget elementor-widget-text-editor\" data-id=\"cea7024\" data-element_type=\"widget\" data-widget_type=\"text-editor.default\">\n\t\t\t\t<div class=\"elementor-widget-container\">\n\t\t\t\t\t\t\t\t\t<p>COPYRIGHT 2025. CLUB DE INVERSORES BY CARTA FINANCIERA. TODOS LOS DERECHOS RESERVADOS.<\/p>\t\t\t\t\t\t\t\t<\/div>\n\t\t\t\t<\/div>\n\t\t\t\t<\/div>\n\t\t\t\t\t<\/div>\n\t\t\t\t<\/div>\n\t\t\t\t<\/div>\n\t\t","protected":false},"excerpt":{"rendered":"<p>WEBINAR VIRTUAL GRATUITO \u00bfQu\u00e9 hacer con las inversiones argentinas antes de las elecciones? Oradores: Tom\u00e1s Olivera y Miguel Angel Boggiano 22 de octubre 18:00 hs Gratis con inscripci\u00f3n previa En este encuentro exclusivo analizaremos qu\u00e9 hacer con las inversiones argentinas en la antesala de las elecciones. Los especialistas Tom\u00e1s Olivera y Miguel \u00c1ngel Boggiano compartir\u00e1n su visi\u00f3n sobre el panorama econ\u00f3mico actual, los posibles escenarios pol\u00edticos y su impacto en los mercados financieros. Se abordar\u00e1n estrategias para proteger y reacomodar portafolios, oportunidades de corto y mediano plazo, y los riesgos menos visibles que podr\u00edan afectar a los inversores locales. Una charla imprescindible para quienes buscan tomar decisiones informadas, anticiparse a los cambios y capitalizar el contexto electoral con inteligencia financiera. Inscribite al webinar completando este formulario Oradores Miguel Boggiano CEO de Club de Inversores by Carta Financiera Fundador y Director de Club de Inversores, el Licenciado Magna Cum Laude en Econom\u00eda por la Universidad de San Andr\u00e9s, cuenta con un M\u00e1ster en Econom\u00eda de la Universidad de Chicago y tiene una amplia experiencia en el dise\u00f1o de sistemas de trading. Con m\u00e1s de 20 a\u00f1os de trayectoria como trader profesional, actualmente desempe\u00f1a roles clave en distintos \u00e1mbitos. Es Asesor del Consejo de Asesores Econ\u00f3micos del Presidente de Argentina, Javier Milei. Adem\u00e1s, ejerce como profesor de Behavioral Finance en la Maestr\u00eda en Finanzas de la Universidad de San Andr\u00e9s. Su destacada reputaci\u00f3n como economista local lo convierte en una figura solicitada por diversos medios gr\u00e1ficos, radiales y televisivos para brindar su opini\u00f3n experta. Tom\u00e1s Olivera CCO de Club de Invesores by Carta Financiera\u00a0 Co-Fundador y CEO de Club de Inversores. Responsable de llevar su visi\u00f3n a la acci\u00f3n. Con m\u00e1s de 20 a\u00f1os de experiencia emprendedora, lidera el crecimiento de la organizaci\u00f3n con foco en las necesidades reales de cada inversor. Su prioridad es que cada persona que se acerque al Club encuentre una propuesta clara, transparente y efectiva para hacer crecer su dinero. COPYRIGHT 2025. CLUB DE INVERSORES BY CARTA FINANCIERA. TODOS LOS DERECHOS RESERVADOS.<\/p>\n","protected":false},"author":1,"featured_media":0,"parent":0,"menu_order":0,"comment_status":"closed","ping_status":"closed","template":"elementor_canvas","meta":{"footnotes":""},"class_list":["post-3739","page","type-page","status-publish","hentry"],"acf":[],"_links":{"self":[{"href":"https:\/\/clubdeinversores.com\/main\/wp-json\/wp\/v2\/pages\/3739","targetHints":{"allow":["GET"]}}],"collection":[{"href":"https:\/\/clubdeinversores.com\/main\/wp-json\/wp\/v2\/pages"}],"about":[{"href":"https:\/\/clubdeinversores.com\/main\/wp-json\/wp\/v2\/types\/page"}],"author":[{"embeddable":true,"href":"https:\/\/clubdeinversores.com\/main\/wp-json\/wp\/v2\/users\/1"}],"replies":[{"embeddable":true,"href":"https:\/\/clubdeinversores.com\/main\/wp-json\/wp\/v2\/comments?post=3739"}],"version-history":[{"count":28,"href":"https:\/\/clubdeinversores.com\/main\/wp-json\/wp\/v2\/pages\/3739\/revisions"}],"predecessor-version":[{"id":3769,"href":"https:\/\/clubdeinversores.com\/main\/wp-json\/wp\/v2\/pages\/3739\/revisions\/3769"}],"wp:attachment":[{"href":"https:\/\/clubdeinversores.com\/main\/wp-json\/wp\/v2\/media?parent=3739"}],"curies":[{"name":"wp","href":"https:\/\/api.w.org\/{rel}","templated":true}]}}